e -4*l + 18859 = -4*v - 82605, 2*l + 5*v = 50725. List the prime factors of l.
3, 5, 19, 89
Let g(b) = 2*b**3 - 9*b**2 - 11*b + 6. Let m(h) = 8*h - 2. Let u be m(-2). Let y be 11/((-22)/u) - 2*1. List the prime factors of g(y).
2, 3, 29
Let o(i) = 11*i**3 + 5*i**2 + 2*i - 2. Let g(t) = -13*t**3 - 4*t**2 - 2*t. Let q(b) = 3*g(b) + 2*o(b). Let f = 2 + -4. List the prime factors of q(f).
2
Suppose 3*p - 5*x - 8 + 3 = 0, 33 = 5*p + 4*x. Suppose -3*j - 30 = -3*g, 6*g - p*j - 30 = 5*g. Suppose g*r = 168 + 647. What are the prime factors of r?
163
Let d(q) = -23*q**3 - 4*q**2 - 6*q - 8. Let x be d(-5). Let p = x - 1731. What are the prime factors of p?
2, 13, 41
Let z be -4 - 18392/(-32) - (-3)/(-4). Let h = 1060 - z. List the prime factors of h.
2, 5, 7
Suppose 0*f + 8*f = 112. Let t = -23 - -32. List the prime factors of 1262/t + f/(-63).
2, 5, 7
Let c(f) = 13*f - 4. Let q be c(1). Suppose 0 = -3*s + 4*n - 8*n + q, 0 = -s + 2*n - 7. What are the prime factors of (s/(-3))/((-4)/(-972))?
3
Suppose -59*y = -185041 - 212431 - 47565. List the prime factors of y.
19, 397
Let l be -4 - 30/((-30)/5) - -4444. Suppose -3 = -3*x + 9, 5*r + 5*x = l. List the prime factors of r.
3, 5, 59
Suppose -42*q + 37*q + 10 = 0. Let k be (-4 + q + -2)*174/3. What are the prime factors of k/(-16)*1/(3/6)?
29
Let b(x) = 2*x**2 - 27*x - 11. Let d be b(14). Suppose -13*g - 10 = d. Let n(t) = -207*t**3 - t**2 - 2*t - 1. What are the prime factors of n(g)?
3, 23
Suppose 67*u + 74*u - 162*u + 675318 = 0. What are the prime factors of u?
2, 7, 2297
Suppose 6*r + 8*r = 75166. What are the prime factors of (1 + r)/5 + 0?
2, 3, 179
Let y be (-2)/11 - (-63425)/55. Let b = y + -733. What are the prime factors of b?
2, 3, 5, 7
Let m be -2 + (1 - 10/(-2)). Suppose 18*h = 24*h + 104*h - 16170. Suppose m*q - 57 = h. List the prime factors of q.
3, 17
Let w = 371 - 389. List the prime factors of (-7641)/w*4/3.
2, 283
List the prime factors of (-19)/(-2)*(-14)/(-21)*(3737 - -1).
2, 7, 19, 89
Let o(d) = 73*d - 128. Suppose -4*h + 32*h - 336 = 0. List the prime factors of o(h).
2, 11, 17
Let m(j) = -j**2 + 454*j + 22123. What are the prime factors of m(0)?
22123
Let i = 690 - 689. What are the prime factors of (i - (-40)/(-8))*-174?
2, 3, 29
Suppose 93*k - 46*k = 315464. What are the prime factors of k?
2, 839
Let i(u) = -2*u**3 + 7*u**2 + u + 24595. List the prime factors of i(0).
5, 4919
Let y(c) = c**2 - 23*c - 52. Suppose -2*f + h + 62 = 0, 0 = 5*f - 4*f + 5*h - 42. List the prime factors of y(f).
2, 59
Let r be ((-2)/5)/(2*6/(-480)). Let x(i) = -i + 38. Let p be x(r). Let k = 32 + p. List the prime factors of k.
2, 3
Let a = 12124 + 26277. List the prime factors of a.
11, 3491
Suppose -5*m + 12736 = 4*i, 2*m = i + 1111 + 3986. What are the prime factors of m?
2, 7, 13
Suppose -58*z + 224893 + 399077 = -4*z. List the prime factors of z.
5, 2311
Suppose 860 = w + 3*o, -5902 + 1548 = -5*w + 3*o. Suppose -936 = -2*z - 4*l - 32, 3*l = 2*z - w. List the prime factors of z.
2, 13, 17
Suppose -9 + 5 = -2*y. Suppose 8 = y*g - 4*g. What are the prime factors of 4/g*-130 - 3?
127
Suppose -49 = -9*s - 4. Let x be s/(-11 + 6) + (3 - 0). Suppose x*r = -2*r + 144. What are the prime factors of r?
2, 3
Let k = -508 + 758. Let g be ((-8)/6)/(k/(-63) - -4). Let j = g + 91. What are the prime factors of j?
7
Let j(n) = -144*n**3 + 3*n**2 - 4*n + 3. List the prime factors of j(-4).
9283
Suppose 3*k = 0, -2*k = 5*z + k - 10. Let h(j) = -8*j - 27. Let q be h(-4). Suppose -3*w + 23 = 4*r, -z*r - 3*w = -q*w + 6. List the prime factors of r.
2
Let b(g) = -402*g + 6988. What are the prime factors of b(-82)?
2, 11, 227
Let o(d) = -d**3 + d**2. Let q(z) = -9*z**3 + 8*z**2 - 10*z - 12. Let r(h) = -5*o(h) + q(h). Let k be r(-4). Let i = -194 + k. List the prime factors of i.
2, 3, 23
Suppose -39*d + 61506 = -44886. List the prime factors of d.
2, 11, 31
Suppose -4*i + 3 = -13. Let u(r) = -21*r + 54. Let j(t) = -10*t + 27. Let y(d) = i*u(d) - 9*j(d). What are the prime factors of y(15)?
3, 7
Let f = 3 + -54. Let v = 54 + f. Suppose -29 = -v*u + 106. List the prime factors of u.
3, 5
List the prime factors of (78/(-234))/((1/(-24602))/(6/4)).
12301
Let b = -34940 + 52493. What are the prime factors of b?
3, 5851
Let r = -7 - -12. Suppose 4*k = 3*k + 4*c + 272, -k = r*c - 281. Suppose -4*o = -7*o + k. What are the prime factors of o?
2, 23
Suppose 0 = 3*q - 1 + 142. Let l = q - -57. Suppose -l*x + 365 = -5*x. What are the prime factors of x?
73
Let s(r) = -r**3 - 4*r**2 + 5*r. Let k be s(-5). Let w be 7/42 + (-22)/(-12). Suppose h - w = k, -2*i + 3*h = 2*i - 458. List the prime factors of i.
2, 29
Let t be 9/(-1)*(0 + -189). Let b be (-192)/((-24)/2) + (2 + -3)*6. Suppose 669 = b*v - t. What are the prime factors of v?
3, 79
Let f(m) = 4*m**2 - 27*m - 336. List the prime factors of f(-44).
2, 7, 307
Let r = -727 + 760. Suppose r*s = -15*s + 9360. List the prime factors of s.
3, 5, 13
What are the prime factors of (-5201760)/(-252) + 6/63 + (-3 - -1)?
2, 3, 5, 43
Let t = 386 - 84. Let y = t + 725. List the prime factors of y.
13, 79
Let u be 1/((-27)/126*2/(-3)). Let f be 2/1 + u + -1 + 741. Suppose -t - f = -8*t. What are the prime factors of t?
107
Suppose -80 = -6*b - 56. Suppose 1284 = b*n - 248. What are the prime factors of n?
383
Let z(h) = -1255*h + 1290. What are the prime factors of z(-11)?
5, 3019
Suppose 0*x + 65 = 13*x. Suppose -x*w + 5*f + 930 = 0, 431 = 2*w - 5*f + 65. What are the prime factors of w?
2, 47
Let n = 6141 + -3968. What are the prime factors of n?
41, 53
Suppose 2*o + 4*g - 16282 - 30692 = 0, 3*o - 5*g - 70527 = 0. What are the prime factors of o?
3, 7, 373
Let h(q) = 8608*q + 4282. What are the prime factors of h(7)?
2, 23, 61
List the prime factors of ((-150)/4)/(7/((-29008)/(-37275)) - 9).
2, 5, 37
Let o be (-5)/(30/(-4)) + 126450/(-135). Let d = 940 + o. What are the prime factors of d?
2
Suppose -2*q + 5*z - 3 + 71 = 0, 2*z = 0. Suppose q*o - 20*o = 12404. List the prime factors of o.
2, 443
Suppose 90*d = -27675 + 341955. What are the prime factors of d?
2, 3, 97
What are the prime factors of -3*((12/3)/(-1))/((-18)/(-97221))?
2, 23, 1409
Let g(i) be the first derivative of -i**4/2 + 5*i**3 - i**2 - 2*i + 12. Let t be g(7). Let n = -30 + t. List the prime factors of n.
3
Suppose -f - 168 - 31 = 0. Let b = 18654 + -18318. Let m = b + f. What are the prime factors of m?
137
Suppose 4*l + 9 = 21, 5*z + 2*l - 44841 = 0. List the prime factors of z.
3, 7, 61
Let r = -87 + -963. Let h = -479 - r. List the prime factors of h.
571
Suppose 3*o - 5*i = -10*i + 85681, -3*i = -5*o + 142779. List the prime factors of o.
3, 19, 167
Let n = -200 - -110. Let q = n - -98. Suppose 328 = -w + 3*w + 5*b, 0 = 4*b + q. What are the prime factors of w?
13
Let i(b) = -b**3 + 5*b**2 - 7*b + 7. Let c be i(3). Suppose c*t = -5*t + 6444. List the prime factors of (3 + -1)*t/8.
179
Suppose 0 = -5*h - 3*v + 4501, h - 946 = -2*v - 43. Let d = 1453 - h. List the prime factors of d.
2, 277
Suppose 2*k + 4*m + 8 = 0, 3*m = 3*k - 2*k - 16. Let n = k - 2. Suppose -5*o + 316 + 800 = 2*p, 0 = n*o - 3*p - 454. List the prime factors of o.
2, 7
Let w be (22/4)/(3 - 11/4). Let k = 25 - w. Suppose -k*m = -114 - 99. List the prime factors of m.
71
Let o(c) be the second derivative of 7*c**4/12 - 7*c**3/3 - 16*c**2 - 3*c + 12. What are the prime factors of o(-8)?
2, 3, 11
Suppose g = -5*x + 20, -3*g + 12 = 3*x - g. Suppose 0 = x*u + 16, 29 = -2*t + 4*u + 599. List the prime factors of t.
277
Suppose 31 + 31 = 4*u - 5*l, 71 = 5*u - 3*l. Let m(b) = -b**3 + 13*b**2 + 11*b + 93. List the prime factors of m(u).
2, 59
Let g be 28 + 454 + -1*4. Let y = -246 + g. List the prime factors of y.
2, 29
Suppose 2*y = 9*z - 73790, 104*y - 25 = 99*y. List the prime factors of z.
2, 5, 41
Suppose -254050 = 1543*h - 1593*h. List the prime factors of h.
5081
Let q(b) = -4*b + 26. Let z(c) = -c**3 - 5*c**2 - 5*c - 5. Let m(t) = -t**3 - 5*t**2 + 7*t + 3. Let v be m(-6). Let d be z(v). List the prime factors of q(d).
2, 29
Suppose -a + 2*o + 160 = -173, -5*o = -3*a + 1004. Suppose -2*k + h + a = 0, k + 5*h + 7 - 195 = 0. What are the prime factors of k?
173
Suppose 0*i = -7*i + 154. Suppose 0 = -13*s + i*s - 2862. What are the prime factors of s?